inder when (27/(-45))/(f/10) is divided by 1.
0
Let r(m) = -m**2 - 12*m - 1. Let h(o) = -o**3 + 5*o**2 + 5*o + 1. Let c be h(6). Calculate the remainder when 134 is divided by r(c).
32
Let b = -10 + 16. Suppose 3*q + 2*d = 9, 3*q = 2*q - 4*d + 3. Suppose -n = 5*x - q, 0*n - n + 27 = -x. Calculate the remainder when n is divided by b.
5
Suppose 13 + 75 = 22*o. Let q = 1344 - 630. Suppose -226 = o*c - q. Calculate the remainder when c is divided by 31.
29
What is the remainder when (58/(-16))/(2/(-16)) is divided by 21?
8
Suppose -6*b + 4 = -38. Suppose b*s - 1058 = -15. What is the remainder when s is divided by 30?
29
Let j = 185 + -124. Let c(k) = 5*k - 4. What is the remainder when j is divided by c(4)?
13
Let r = -182 + 1654. Calculate the remainder when r is divided by 18.
14
Let t = 9 - 26. Let v = t + 34. Calculate the remainder when 81 is divided by v.
13
Suppose 497*j - 2550 = 492*j. What is the remainder when j is divided by 16?
14
Let z = 74 + -29. Let r be (12/18)/(6/z). Suppose -3*d + 30 = -3*s, 2*s - 5 = -d + r. What is the remainder when 38 is divided by d?
8
Let u(d) = -d**3 - 2*d**2 + 4*d + 4. Let m(h) = 2*h**2 + h - 3. Let l be m(2). Suppose l = -4*v - 13. Calculate the remainder when u(v) is divided by 15.
14
Let q = 1028 - 1002. Let p(c) be the third derivative of c**4/8 - c**3/2 + c**2. Calculate the remainder when q is divided by p(4).
8
Suppose 71 = 3*g - 5*z + 17, -2*z + 72 = 4*g. What is the remainder when 32 is divided by g?
14
Let a(u) = -u**3 + 7*u**2 - 5*u - 3. Let j be a(6). Suppose -j*z + z + 78 = 0. Calculate the remainder when z is divided by 20.
19
Suppose 4*i = -1 - 139. Let q be ((-40)/i)/((-4)/(-14)). Suppose 5*d = q*o + 156, 2*o = 2*d - 70 + 8. What is the remainder when d is divided by 11?
10
Let c(t) = -3*t - 22. What is the remainder when 581 is divided by c(-11)?
9
Suppose 0 = -u + 6*u + 5, -3*u + 2 = c. Suppose -119 = -c*p - 69. Calculate the remainder when 36 is divided by p.
6
Let l(z) = -18*z**3 - 2*z**2 - z. Suppose -8*m + 3*m - 5 = 0. Let k(s) = -s**2 + 11*s + 31. What is the remainder when l(m) is divided by k(13)?
2
Suppose 0 = -3*j - 208 - 8. Let q = j - -177. What is the remainder when q is divided by 27?
24
Let d(m) = -111*m**3 + m**2 - m + 1. Let j be d(1). Let c = j + 136. What is the remainder when 153 is divided by c?
23
Let m(q) = 14*q - 82. Let l be m(21). Let i = l + -162. What is the remainder when i is divided by ((-2)/(-4))/(1/26)?
11
Suppose -4*v - c + 181 = 0, 129 = 18*v - 15*v + 3*c. What is the remainder when 135 is divided by v?
43
Let f = -1555 - -1572. Suppose -4*s + 3*w - 2*w = -127, 5*s - 5*w = 140. What is the remainder when s is divided by f?
16
Let c = 162 + -160. What is the remainder when 52 is divided by c?
0
Suppose 13*g - 6*g = 315. Let w(i) = i**2 + 7*i - 6. Calculate the remainder when g is divided by w(-9).
9
Let b = -20847 - -20850. Let q = 0 + 39. Let c = q - 24. Calculate the remainder when c is divided by b.
0
Suppose 0*h + 2*p + 315 = 5*h, 4*p - 20 = 0. Let l = -174 + 39. Let n = l - -157. Calculate the remainder when h is divided by n.
21
Let u = 6 - -21. Let t = -1619 - -1698. Calculate the remainder when t is divided by u.
25
Calculate the remainder when 248 - -7 - ((-12)/2 + 2) is divided by 70.
49
Let n(t) = 2*t - 3. Let b be n(0). Calculate the remainder when (32 - 4) + b + 0 is divided by 9.
7
Suppose 0 = -4*i + 5*p + 76, 21 + 29 = 3*i - 2*p. Let c = 69 + -16. What is the remainder when c is divided by i?
11
Let n = -165 + 463. What is the remainder when n is divided by 30?
28
Let x = 6 - 2. Suppose x*r - 31 = -7. Calculate the remainder when 1/((-62)/16 + 4) is divided by r.
2
Suppose 4*b = -21 + 9. What is the remainder when (-33)/(-11)*(-35)/b is divided by 19?
16
Let i(c) = -15*c**2 - 7*c - 9. Let x be i(-2). What is the remainder when 3 is divided by 20/x*22/(-4)?
1
Let r = -11 + 10. Let g = -6 - -16. What is the remainder when (-35 - 1)/r + 2 is divided by g?
8
Let w(l) = 0*l**2 - 2 - 2*l**3 - l**2 + l**3 + 6*l**2. Let y(q) = q**3 + 8*q**2 + 8*q + 10. Let k be y(-7). Calculate the remainder when 77 is divided by w(k).
13
Let r = -29 + 41. Suppose 0*u - 105 = 5*u. Let o = u - -68. Calculate the remainder when o is divided by r.
11
Suppose -3353*u - 965 = -3358*u. Suppose -5*c + 4*p + 249 = 0, -4*c + 241 = c + 4*p. What is the remainder when u is divided by c?
46
Calculate the remainder when -5 + 426/4 - 7/(-2) is divided by 66.
39
Let v be 27*(-4)/18*-3. Suppose 70*m = 63*m + 168. Suppose -v = 22*h - m*h. What is the remainder when 33 is divided by h?
6
Let p(w) = 22*w - 831. What is the remainder when 75 is divided by p(39)?
21
Let d(h) = 3*h**3 - 9*h**2 - 2*h + 12. Let r(b) = 3*b**2 + 2. Calculate the remainder when d(4) is divided by r(-2).
10
Suppose p = 5*q + 31 + 6, -4*p + 84 = -4*q. What is the remainder when p is divided by 15?
2
Let q(y) = 60*y + 6. Let h be q(4). Suppose 4*r = -3*a + r + h, 328 = 4*a + 3*r. Calculate the remainder when a is divided by 43.
39
Suppose 3*o + o - 80 = 0. Let v be 2 + (-13)/(2/(-2)). Suppose -21 = -18*x + v*x. What is the remainder when o is divided by x?
6
Let t(n) = n**2 - n - 1. Suppose 63*p - 1140 - 309 = 315. Calculate the remainder when t(-7) is divided by p.
27
Let z = -36 - -69. Suppose 31*b - 278 = 249. What is the remainder when z is divided by b?
16
Suppose -11*f = 4*i - 6*f + 61, 4*i - 5*f + 11 = 0. Let h(n) = n**3 + 10*n**2 + n - 13. What is the remainder when 116 is divided by h(i)?
57
Let a(n) = -2*n + 178. Calculate the remainder when 300 is divided by a(13).
148
Suppose -70*q - 683 = -20983. Calculate the remainder when q is divided by 59.
54
Suppose -t + 2*i + 0*i + 19 = 0, -4*i - 8 = 0. What is the remainder when (22 - 27)/((-1)/11) is divided by t?
10
Let j = 4 + 52. Suppose 15 = 2*r + 11. Suppose 2*t + r*t = j. Calculate the remainder when 54 is divided by t.
12
Suppose 0 = -3*y + 3*t + 51, 40 = 2*y - 5*t + 9. Let a(w) = w**2 + 3*w - 6. What is the remainder when a(-8) is divided by y?
16
Let n(o) be the second derivative of o**4/12 + 4*o**3/3 - 2*o. Let b be n(7). Suppose -3*j = 2*j - b. Calculate the remainder when 61 is divided by j.
19
What is the remainder when 93 is divided by 3366/126 - (-2)/7?
12
Let i(b) = -43*b**3 + b**2 - b + 1. Let l be i(1). Let p be (-15)/10*l/9. Suppose -p = 5*a - 32. Calculate the remainder when 10 is divided by a.
0
Suppose -5*z + 5*r + 35 = 0, -15*z - 2*r + 46 = -12*z. Calculate the remainder when 18 is divided by z.
6
Let l = 80 + -78. Suppose -3*i = l*u - 64, 4*u - 6*i = -i + 150. Suppose 34 = 5*r - 26. What is the remainder when u is divided by r?
11
Suppose 0 = 3*d + 15, 2*d = 2*a + d - 35. What is the remainder when 40 is divided by a?
10
Let x be 0 - ((-7 - -1) + 3). Suppose x*s = 0, 5*i + 4*s - 15 = 2*s. Calculate the remainder when 10 is divided by i.
1
What is the remainder when 1*5 - (3 - 3 - 101) is divided by 11?
7
Let h(y) = y - 14. Let w be h(14). Suppose 5*r - 35 - 135 = w. Calculate the remainder when 99 is divided by r.
31
Suppose 7*q + 4*y - 289 - 1197 = 0, -2*q + 4*y + 440 = 0. Calculate the remainder when q is divided by 25.
14
Suppose -116*h + 624 = -100*h. What is the remainder when 463 is divided by h?
34
What is the remainder when 101 is divided by (-3)/(-6)*((1 - -27) + -2)?
10
Let p(t) = -6 + 17*t + 2*t**2 - 23*t - t**3 + 4. What is the remainder when p(-3) is divided by 9?
7
Let v be (6/(-4))/(3/16). Let k(q) = q**2 + 8*q - 9. Let a be k(v). Let j = a + 20. What is the remainder when 32 is divided by j?
10
Suppose 3*i = -15, -2*s + 2*i + 23 = -63. Suppose 2*b + 6 = s. Calculate the remainder when 61 is divided by b.
13
Suppose 2*c = -3*u + 44, 5*c - 50 = -u + 60. Calculate the remainder when c is divided by 9.
4
Suppose -24 = 2*a - 8*a. Calculate the remainder when (a - -1)/(2/28) is divided by 21.
7
Let w(o) = 4*o + 88. Let p(z) = 8*z + 175. Let m(j) = -2*p(j) + 5*w(j). Suppose 4*a - 22 = 3*a. Calculate the remainder when a is divided by m(-19).
8
Calculate the remainder when 423 is divided by ((-39)/(-4))/((-25)/(-100)).
33
Let d(t) = -7*t + 117. What is the remainder when 34 is divided by d(13)?
8
Suppose 224 + 639 = 4*l - 5*c, -3*c = -2*l + 429. What is the remainder when l is divided by 32?
30
Suppose -76*v - 8*v + 2